{"id":138,"date":"2012-12-11T23:12:58","date_gmt":"2012-12-11T23:12:58","guid":{"rendered":"http:\/\/prosperityfund.uniandes.edu.co\/site\/?page_id=138"},"modified":"2026-02-16T11:15:18","modified_gmt":"2026-02-16T16:15:18","slug":"universidad-de-los-andes","status":"publish","type":"page","link":"https:\/\/prosperityfund.uniandes.edu.co\/?page_id=138","title":{"rendered":"Universidad de Los Andes"},"content":{"rendered":"<div>\n<h2><a title=\"Universidad de Los Andes\" href=\"http:\/\/www.uniandes.edu.co\" target=\"_blank\">Universidad de los Andes<\/a><\/h2>\n<\/div>\n<p>La Universidad de los Andes es una instituci\u00f3n aut\u00f3noma, independiente e innovadora que propicia el pluralismo, la tolerancia y el respeto de las ideas; que busca la excelencia acad\u00e9mica e imparte a sus estudiantes una formaci\u00f3n cr\u00edtica y \u00e9tica para afianzar en ellos la conciencia de sus responsabilidades sociales y c\u00edvicas, as\u00ed como su compromiso con el entorno.<\/p>\n<p>Cuenta con estudiantes que, en un ambiente de formaci\u00f3n integral, interdisciplinario y flexible, son el principal agente de su proceso educativo. Facilita que su cuerpo profesoral, altamente capacitado, desarrolle un proyecto de vida acad\u00e9mica y profesional sobresaliente, para lo cual apoya una actividad investigativa que contribuye al desarrollo del pa\u00eds y a su proyecci\u00f3n internacional.<\/p>\n<div>\n<h3><a title=\"Grupo de Estudios en Sostenibilidad Urbana y Regional SUR\" href=\"http:\/\/sur.uniandes.edu.co\" target=\"_blank\">El Grupo de Estudios en Sostenibilidad Urbana y Regional<\/a><\/h3>\n<\/div>\n<p>El Grupo de Estudios en Sostenibilidad Urbana y Regional apoya los procesos de dise\u00f1o de pol\u00edtica p\u00fablica en las dimensiones de ordenamiento urbano y territorial. Se caracteriza por su enfoque altamente t\u00e9cnico y multidisciplinario, con l\u00edneas de investigaci\u00f3n enmarcadas en: principios de calidad ambiental urbana y regional; competitividad regional y log\u00edstica; gesti\u00f3n p\u00fablica e institucionalidad; econom\u00eda urbana y regional; espacio p\u00fablico y arquitectura urbana; h\u00e1bitat y construcci\u00f3n sostenible; modelado y an\u00e1lisis espacial, y movilidad y planificaci\u00f3n territorial.<\/p>\n","protected":false},"excerpt":{"rendered":"<p>Universidad de los Andes La Universidad de los Andes es una instituci\u00f3n aut\u00f3noma, independiente e innovadora que propicia el pluralismo, la tolerancia y el respeto de las ideas; que busca la excelencia acad\u00e9mica e imparte a sus estudiantes una formaci\u00f3n cr\u00edtica y \u00e9tica para afianzar en ellos la conciencia de sus responsabilidades sociales y c\u00edvicas, [&hellip;]<\/p>\n","protected":false},"author":3,"featured_media":0,"parent":10,"menu_order":1,"comment_status":"closed","ping_status":"closed","template":"","meta":{"footnotes":""},"class_list":["post-138","page","type-page","status-publish","hentry"],"_links":{"self":[{"href":"https:\/\/prosperityfund.uniandes.edu.co\/index.php?rest_route=\/wp\/v2\/pages\/138","targetHints":{"allow":["GET"]}}],"collection":[{"href":"https:\/\/prosperityfund.uniandes.edu.co\/index.php?rest_route=\/wp\/v2\/pages"}],"about":[{"href":"https:\/\/prosperityfund.uniandes.edu.co\/index.php?rest_route=\/wp\/v2\/types\/page"}],"author":[{"embeddable":true,"href":"https:\/\/prosperityfund.uniandes.edu.co\/index.php?rest_route=\/wp\/v2\/users\/3"}],"replies":[{"embeddable":true,"href":"https:\/\/prosperityfund.uniandes.edu.co\/index.php?rest_route=%2Fwp%2Fv2%2Fcomments&post=138"}],"version-history":[{"count":3,"href":"https:\/\/prosperityfund.uniandes.edu.co\/index.php?rest_route=\/wp\/v2\/pages\/138\/revisions"}],"predecessor-version":[{"id":159,"href":"https:\/\/prosperityfund.uniandes.edu.co\/index.php?rest_route=\/wp\/v2\/pages\/138\/revisions\/159"}],"up":[{"embeddable":true,"href":"https:\/\/prosperityfund.uniandes.edu.co\/index.php?rest_route=\/wp\/v2\/pages\/10"}],"wp:attachment":[{"href":"https:\/\/prosperityfund.uniandes.edu.co\/index.php?rest_route=%2Fwp%2Fv2%2Fmedia&parent=138"}],"curies":[{"name":"wp","href":"https:\/\/api.w.org\/{rel}","templated":true}]}}